0
Let z(u) be the first derivative of 3*u**4/8 + u**3/6 - u**2/2 - 1. Let t(y) be the second derivative of z(y). Let r = -49717 + 49716. Give t(r).
-8
Let i be (0 - -3)/((-81)/(-351)). Suppose 8*a + i + 35 = 0. Let u(b) = -b - 2. Determine u(a).
4
Let m(o) = 11*o**3 - 35*o**2 - 29*o - 49. Let i(v) = -13*v**3 + 36*v**2 + 29*v + 50. Let y(s) = 6*i(s) + 7*m(s). What is y(-28)?
-15
Let t be ((-4 - -3) + 4)/1. Suppose 4*p - 16 = t*p + f, 3*p - 5*f = 46. Let l(y) = y**3 - 18*y**2 + 15*y + 19. Calculate l(p).
-15
Let a(y) be the third derivative of -y**4/12 + y**3/6 + 56661*y**2. Suppose -w - 2*d + 5 = 2*w, -3*w = 5*d - 17. Give a(w).
3
Let d(b) = b + 5. Let j be d(-6). Let y be (4/3)/((-35)/(-30) + j). Suppose -15*k - y = -13*k. Let l(n) = n**2 + 7*n + 6. Calculate l(k).
-6
Suppose -5*y - 4 = -u, -5*u + 5*y + 101 = 7*y. Let q(n) = 15 - 4*n - 3 + u + 10. Let z be q(10). Let c(t) = 4*t**2 + t. Determine c(z).
5
Suppose 0 = 10*y - 41 + 21. Let d(p) = 2*p - p**2 - p + y*p**2 + 4*p. What is d(-5)?
0
Suppose 2*w - 4*v = -28, 0 = -3*w - 24*v + 28*v - 32. Let q(a) = -a**2 + 6*a + 18. Determine q(w).
-22
Let j(d) = 5*d. Let z be j(1). Suppose -4*r - 5*n = 0, -5*r - z*n = -2 - 3. Let b(k) = -5 - 3 + 4*k - k**2 - 3 + 4. Calculate b(r).
-12
Let s(d) be the first derivative of 7/2*d**2 + 8*d + 4 - 1/4*d**4 + 7/3*d**3. Suppose -4*b = -z - 38 + 4, -5*b - 8*z = -24. Calculate s(b).
0
Suppose 3*x + 43 = 31. Let g(f) = -96 + 0*f**2 - f + 92 - f**3 - 3*f**2. Give g(x).
16
Suppose 5*h - 4*b = -8*b + 535, -h = -b - 107. Suppose 0 = -106*j + h*j + 1. Let a(f) = 6*f. Calculate a(j).
-6
Let q(s) be the second derivative of -s**3 + 51*s**2/2 - 2605*s. Determine q(9).
-3
Let h(m) = -5*m + 2 + m**2 + 0*m + 8*m. Let r(w) = -7*w - 4. Let i(a) = 20*a + 12. Let s(z) = 4*i(z) + 11*r(z). Let o be s(-3). Give h(o).
12
Let u(b) = b + 3. Let t be (8 - 15) + 2*7. Suppose -46 = -5*o - 22*f + 19*f, 5*f - t = -2*o. Give u(o).
14
Let n(r) = r**2 - 5*r + 2. Suppose -613 = s - 621. Calculate n(s).
26
Let r(y) = -y - 2. Suppose 0 = -10*x + 58 - 218. Let o be 0 + (x/(-4) - 11). Calculate r(o).
5
Let a(d) = 8*d + 15. Let r be (72/(-60))/((-16)/(-40)). Give a(r).
-9
Suppose -24*u + 20 = -5*t - 19*u, 0 = t + 4*u - 16. Let v(m) = -2212*m + 2211*m + 9*m**2 + m**3 + t*m**2 - 13. Calculate v(-9).
-4
Let w(x) be the third derivative of x**6/120 + 3*x**5/20 + 7*x**4/24 - x**3/2 - 7*x**2. Let j be 1/(-3)*720/30. Calculate w(j).
5
Let b(h) = -7*h - 13. Let q(s) = -11*s - 14. Let y(f) = -3*b(f) + 2*q(f). Calculate y(-4).
15
Let b(q) be the first derivative of -9*q**2/2 + 97*q - 1218. Give b(11).
-2
Let h(j) be the second derivative of -j**5/10 + 2*j**4/3 - j**3 + 7*j**2/2 + 11661*j. Give h(5).
-73
Let r(p) = 134*p + 8. Let i(h) = -179*h - 7. Let q(j) = -3*i(j) - 4*r(j). What is q(5)?
-6
Let t(o) = o**3 - 3*o**2 + 3*o + 2. Let h be 2/(-16) - 9652/608. Let m(p) = -4*p - 60. Let u be m(h). Give t(u).
30
Let l = 465 + -460. Let j(g) = -11*g**3 + 17*g**2 - g + 5. Let u(z) = 5*z**3 - 8*z**2 - 2. Let a = -29 - -20. Let h(r) = a*u(r) - 4*j(r). Give h(l).
-7
Let b(n) = -n**2 + 32*n - 109. Let j be b(4). Let p(k) = -8 + 21 - j + 2*k. Determine p(-6).
-2
Suppose 3*m + 4*b = 2*m + 6, 5*b = -4*m + 13. Let h(f) = 1 + 0 - 6 - 9*f + 0*f + f**m. What is h(8)?
-13
Let d be 6/(-8)*23/((-414)/216). Let l(p) = 2*p**2 - 23*p + 36. What is l(d)?
-9
Let r(s) = -3*s - 2*s - s**3 - 10 - 16*s**2 + 21*s. Suppose 15*h = -12*h - 82 - 377. What is r(h)?
7
Let b(c) = c**2 - 14*c - 67. Let w be (-22)/(-231) - ((-813)/63 - 7). Determine b(w).
53
Let x(v) = -8*v**2 + v. Let m be (7/(-21))/((-10)/(-30)). Determine x(m).
-9
Let i(o) = -160 + 74 - 34*o - 4*o**2 + 73 + o**2. Let s be i(-11). Let t(n) = -n**2 - n + 6*n - 1 - 6*n. Calculate t(s).
-3
Let u(x) = -3*x + 4. Let z = -1475 - -807. Let m = 671 + z. Calculate u(m).
-5
Let l(o) = 5*o. Let k(t) = -13*t + 1. Suppose 3*y + 7*w + 35 = 2*w, -2*y = -w + 6. Let q(d) = y*l(d) - 2*k(d). Give q(-7).
-9
Let v(t) = 4*t + 15. Let q = -5977 - -5970. Determine v(q).
-13
Suppose -93 = -5*h + 3*c - 23, 4*c + 70 = 5*h. Let d(k) = k**2 - 17*k + 43. Let z be d(h). Let p(r) = -1 + 2 - 7*r - 2. What is p(z)?
-8
Suppose -79*d + 1473 - 28 = 6*d. Let m(l) = 78*l - 1323. What is m(d)?
3
Let k(u) be the second derivative of u**6/360 - u**5/40 + u**4/12 - 2*u**3 + u**2/2 + 4*u + 2. Let m(p) be the second derivative of k(p). Give m(3).
2
Let k(m) = -m**2 - 4*m - 3. Let i be k(-3). Let q(l) = i*l + 16 - 4 + 2 + 4*l. Let x be q(-6). Let d(s) = -s - 6. Calculate d(x).
4
Let y(h) = -21*h - 131. Let i be (-8 - -7)/(1/8*152/114). Calculate y(i).
-5
Let c(u) = 2*u**2 + 33*u + 10. Let q = -11886 + 11870. What is c(q)?
-6
Let h(w) be the first derivative of w**2 + 22*w - 2588. Give h(11).
44
Let a(i) = -i**2 + 10*i - 9. Let w be (-303)/(-33) + (606/(-66) - -9). Determine a(w).
0
Let p(r) be the first derivative of -1/8*r**4 + 3*r**2 - 1/2*r**3 - 12 + 0*r. Let g(u) be the second derivative of p(u). What is g(-3)?
6
Let l(d) = -10*d - 1. Let n(z) = z + 2. Suppose -a = -2*r + 2, -17*r - a + 1 = -16*r. Let i(c) = r*l(c) - n(c). Determine i(-2).
19
Let x(m) = -6*m - 2. Let a be x(-1). Let j = 2 - 2. Let d(l) = 4*l**2 + j - 5 - 3*l**2 + 1. What is d(a)?
12
Let t(a) = 116*a + 225. Suppose -5*h = 10, -4*y - 2 = 27*h - 30*h. What is t(y)?
-7
Suppose -4*u + 3 = 23. Let m be (-3)/(u/3 + 2) - -3. Let d be (-30)/m*(32/10)/(-4). Let n(y) = y**2. What is n(d)?
16
Let p(o) be the first derivative of -o**4/4 + 4*o**3 - 3*o**2/2 + 7*o - 2869. Give p(11).
95
Let h(j) = 2*j. Let f(v) = -2*v**2 + 14*v + 14. Let o(d) = -f(d) - 4*h(d). Give o(9).
-50
Let j(w) = -32*w**2 + 96*w + 7. Let h be j(3). Let s(i) = 16*i - 102. What is s(h)?
10
Let x(w) be the second derivative of w**4/12 + w**3 + 5*w**2/2 - 2*w. Let i(d) = -8*d - d**2 - 8*d - 8*d - 34 + 7*d. Let u be i(-15). Give x(u).
-3
Suppose -9*g = 67 - 292. Let f = -17 + g. Let n(z) = -z**2 - 2*z - 7 - 2 + f. Give n(-2).
-1
Let w be -6*1*-1*((-143990)/84)/(-605). Let i(t) be the third derivative of -t**6/120 + 17*t**5/60 + t**4/12 - 14*t**3/3 + t**2. What is i(w)?
6
Let f(g) = -g + 6. Suppose -3*c + 52 = -5*y - 15, 25 = -2*y + 3*c. Let s be (6/(-21))/(2/y). Suppose 4*m = o + 2, s*m = 2 - 4. Determine f(o).
12
Let v be -1*((-477)/(-2))/((-4)/472). Let i(q) = -28143*q - 34*q**2 + 3 - 3 + v*q. Calculate i(1).
-34
Let c(f) = f**2 - 4*f + 2. Suppose 5 = z + 5*m, 5*m - 5 = z + z. Suppose -3*w - 4*j + 28 = z, 2*w = -j + 4*j - 4. Give c(w).
2
Let q(b) = -b**3 - 18*b**2 + 18*b + 10. Suppose -2*l - 411 + 430 = -3*l. Give q(l).
29
Suppose 5*h - 43 = -33. Let d(j) = -5*j**2 + 2*j**h + 4*j + 2 + 1 + j. What is d(4)?
-25
Suppose -16*q + 11*q = 2*m - 7, -5*m - 2*q + 28 = 0. Let d(y) = 5 - 7*y + 30*y - 1 - 10*y - 11*y. Determine d(m).
16
Suppose 8*f - 14 = 42. Let j(g) = -4*g**2 - g**3 - g + 3*g + 2*g - f. Let i(r) = -6*r**3 + r**2 + r - 1. Let x be i(1). Determine j(x).
-2
Suppose -6*d + 72 = -24. Suppose 180 = 2*b + d*b. Let w(k) = -k + 12. Give w(b).
2
Suppose -9*t + 40 = 3*i - 10*t, 2*i - 2*t = 20. Let f(a) = -9*a - 27 + a - 4*a + i*a. Calculate f(13).
12
Let j(m) be the first derivative of -2*m**3/3 + 19*m**2/2 + 10*m + 68. Calculate j(9).
19
Let i(z) = -z + 3. Let c be i(8). Let d(w) be the third derivative of -w**4/24 - w**3/6 - 13*w**2 + 11*w. Give d(c).
4
Let c(d) = 6*d + 0*d - 5*d - 3. Let p(r) = -47*r - 92. Let x be p(-2). What is c(x)?
-1
Let x(r) = 8833*r - 2 + r**2 - 17676*r - 2 - 15 + 8835*r. Determine x(9).
-10
Let m = 24186 - 24184. Let p(k) = 4*k**3 - 4*k**2 + 1. What is p(m)?
17
Let a = -329 - -314. Let r be a*(-6)/(-18) - -18. Let y(t) = t - 19. Calculate y(r).
-6
Suppose -25 = 13*x - 18*x. Let h(r) = -6*r + 35. Let v be h(x). Let u(j) = j**2 + 7*j - v - j - j. What is u(-6)?
1
Suppose 0 = 6*o - 396 - 264. Let y = 106 - o. Let d(h) = h**2 + 2*h - 4. Determine d(y).
4
Let s(k) be the first derivative of 11*k**3/3 + 55*k**2/2 - 10*k - 1061. Calculate s(-5).
-10
Let w(j) = 4*j + 4. Suppose 9*v = -2165 + 203. Let x = 214 + v. Give w(x).
-12
Let s(c) = 342*c - 4050. Let j(x) = -7*x + 82. Let p(k) = 99*j(k) + 2*s(k). What is p(8)?
-54
Let b(w) = w**2 - 33. Let i(d) = 635*d - 641. Let k be i(1). Give b(k).
3
Suppose 2*p = 4*p - 30. Let y = 11 - p. Let c(v) = 14*v**2 + 668*v - 34. Let s(g) = 3*g**2